. Calculate the highest common factor of 1029 and c.
21
Let d be (-2)/7 - (-8210)/70. Let h(p) = -14*p - 34. Let m be h(-8). What is the highest common divisor of m and d?
39
Suppose 0 = -2*f + 115 + 35. Let w = 77 - f. Suppose 5*t = -2*h + 95, 0 = -w*h - 2*h + 5*t + 145. Calculate the highest common factor of 8 and h.
8
Suppose -7473*w = -7460*w - 1001. Calculate the greatest common divisor of w and 649.
11
Let k(j) = 172*j + 472. Let c be k(-1). What is the highest common factor of c and 1020?
60
Suppose 5*w + 109 + 61 = 0. Let b = -21 - w. Suppose 2*m = -7 + 33. Calculate the greatest common factor of b and m.
13
Let p(i) = -4*i**2 + 21*i - 23*i - 20 + 2*i**2 + 5*i**2 + 17. Let u be ((-3)/1)/(1*-1). Let w be p(u). What is the greatest common factor of w and 27?
9
Suppose 0 = 16*v - 49 - 79. Let p be (-3)/(-1) - v*(-6)/4. What is the highest common factor of 5 and p?
5
Let v = 2291 - 2271. Calculate the highest common factor of 25780 and v.
20
Suppose -3*s = -22*n + 27*n - 1077, 4*n = -4*s + 860. Suppose -k + 116 = 4*i + 44, -4*k + 2*i = -n. What is the greatest common divisor of k and 728?
56
Let l = 34286 + -34272. Suppose 0 = -2*x - 1 + 127. What is the highest common factor of x and l?
7
Let v(i) = -3*i - 32. Let f be v(-11). Let x be (-3)/(-18)*f - 71/(-6). Suppose 195 = x*s - 141. Calculate the highest common factor of 7 and s.
7
Suppose 5*o = 25, -3*o + 3 = -3*m - m. Suppose m*c = 5*g - 454, -5*g = -g - 5*c - 358. What is the highest common factor of g and 23?
23
Suppose b - 84 - 226 = 3*p, 4*b - 1325 = -5*p. Suppose 0 = -9*n - b + 1513. Calculate the greatest common factor of 88 and n.
44
Let t = 2938 + -2921. Calculate the greatest common divisor of t and 2.
1
Suppose -38 = -203*z + 184*z. Calculate the greatest common divisor of 41 and z.
1
Let d be (-1)/((-3 + (-9)/(-6))/3). Let r(p) = -27 + 2*p**d + p - p + p**3 + 7*p - 13*p**2. Let z be r(11). What is the highest common divisor of 5 and z?
5
Let d = 1017 + -724. Suppose 3*f - 439 = -4*k, -2*f + 0*f + d = 3*k. Let c = 161 - 132. What is the highest common divisor of c and f?
29
Let w(i) = 64*i**2 + 49*i + 18. Let u be w(10). What is the greatest common factor of u and 88?
44
Suppose o - 235 = -4*y, 115*o = -4*y + 117*o + 250. What is the greatest common divisor of 5670 and y?
30
Let v = -5 - -17. Suppose -55*p + 7019 = -4201. Calculate the highest common divisor of v and p.
12
Let s = -1930 - -1995. Calculate the highest common factor of 3055 and s.
65
Suppose 10*j - 404 = -64. Suppose j*r - 7000 = 4968. What is the greatest common divisor of 11 and r?
11
Let j(h) = -h**2 - h + 18. Let n be j(3). Calculate the greatest common factor of n and 735.
3
Let z = 7412 - 5308. What is the greatest common divisor of 56 and z?
8
Let m be ((-26)/4)/(43/(-172)). Suppose -6189 + 1249 = -10*s. Calculate the highest common factor of m and s.
26
Suppose -24*l = -26*l - 5*v + 41, -3*l = -4*v - 27. Let d be (-13 + -2)*2/(-3). Suppose -3 = -l*h + d*h. Calculate the highest common divisor of h and 4.
1
Let f(j) be the first derivative of -j**2/2 + 13*j + 14. Let i be f(14). Let l be ((-312)/i)/3 - -1. What is the greatest common factor of 15 and l?
15
Let f = 990 - 935. Calculate the highest common factor of f and 693.
11
Suppose 5*x + 2*d = 36449, 71*x - 4*d = 73*x - 14602. Calculate the highest common factor of 21 and x.
21
Suppose -w + 2*v = -14, -4*v = 3*w - 1 - 1. Suppose 0 = -2*a + w, -2*j - 3*a - 37 = -j. Let d = j - -63. Calculate the greatest common factor of 34 and d.
17
Suppose 8 = -2*b, -4*s - 3*b = -0*b - 44. Let t be 2/s + -1 + 1890/147. What is the greatest common divisor of 156 and t?
12
Let j(v) = -4*v - 34. Let m be j(-17). Let q = 69 - m. Let b = q - 33. What is the greatest common divisor of 6 and b?
2
Let k = 1166 + -1022. Calculate the greatest common factor of k and 558.
18
Let z(r) = 639*r - 2553. Let t be z(4). Calculate the highest common divisor of t and 3903.
3
Let p be 578 - 4/((-44)/(-55)). What is the greatest common factor of 3 and p?
3
Let n be -4 - (-76)/24 - (-3)/(-18). Let m(d) = -14*d**3 - 2*d**2 - 6*d - 3. Let g be m(n). What is the highest common factor of 480 and g?
15
Suppose 611*y + 138700 = 649*y. Calculate the highest common factor of y and 584.
146
Let j(k) = 2*k + 1244. Let n be j(34). What is the highest common divisor of n and 64?
32
Let z = -44 - -110. Let g be (-1)/(3/(-129)) + 2 + 0. Suppose 48*d - g*d = 132. What is the highest common factor of d and z?
22
Suppose 4*c + 3318 = 3*p, -27*p - 5562 = -32*p - 4*c. What is the greatest common divisor of 30 and p?
30
Let h(q) = -q**3 - 21*q**2 - 15*q - 42. Let f be h(-20). Let c = f + 182. What is the highest common factor of 16 and c?
8
Let v be 51435/21 + 19 + 2025/(-105). What is the highest common divisor of v and 93?
31
Let s(i) be the third derivative of -i**5/20 - 13*i**4/3 + 16*i**3/3 - 79*i**2. Let x be s(-34). Calculate the greatest common divisor of x and 250.
50
Suppose 8*c = -4*r + 4*c - 52, -5*c - 25 = 0. Let k be -3 - (-1 + r)*1. Suppose -k*j - 190 = -16*j. What is the greatest common divisor of j and 38?
19
Suppose -5*k + 38086 = -2*j, 2*k - 4*j - 22860 = -k. Suppose 4*f - k = -576. Suppose 0 = b + 4*b - f. Calculate the highest common divisor of b and 32.
32
Let m be 206853/76 - (130/(-40) + 2). What is the greatest common factor of m and 49?
7
Let d(p) = 11*p - 8. Let u be d(3). Suppose 4*o - u = 23. Suppose 5*c + 2*y = 164, 0 = -3*y - y - o. What is the highest common factor of 85 and c?
17
Let v = 192 + -165. Suppose -5*w - 12 = -2*s, -5*w + 2 - 12 = 0. Calculate the highest common factor of v and s.
1
Let c be (-186 - -78)*((-294)/40 + (-2)/5). What is the greatest common divisor of 651 and c?
93
Let v(x) = 1044*x - 4148. Let n be v(4). Calculate the greatest common divisor of n and 266.
14
Let v(s) = -104*s + 3346. Let c be v(28). Let r(j) = -6*j + 2. Let h be r(-2). What is the greatest common factor of c and h?
14
Let m = -2 + -3. Let w be (-4 + (-1 - m) + 0)/(-3). Let k be w - 1611/(-15) - 9/(-15). What is the greatest common factor of k and 12?
12
Let n = 6863 + -5419. Calculate the highest common divisor of n and 95.
19
Let n = 137 + -138. Let y be (24/(-40) + (-144)/10)/n. What is the greatest common factor of y and 120?
15
Let v = -4353 - -4459. Calculate the greatest common factor of v and 16006.
106
Let g(t) = -33*t**3 + 7*t**2 + 21*t - 7. Let a be g(-3). Calculate the greatest common factor of 680 and a.
68
Let h = -3581 - -3597. Calculate the highest common divisor of h and 136.
8
Suppose -16*t + 13*t + 3507 = 0. Suppose -17*j + 5767 + t = 0. Calculate the greatest common factor of 17 and j.
17
Let l(w) = -16163*w - 1447. Let y be l(-2). Calculate the highest common factor of y and 47.
47
Suppose 1290*y = 1187*y + 3708. What is the greatest common factor of 1647 and y?
9
Suppose -13709*c = -13585*c - 2604. Let o = -85 + 204. Calculate the highest common divisor of c and o.
7
Let i = -19394 + 20528. What is the highest common factor of i and 882?
126
Suppose 3*a = 2*b + 4*a - 1474, -3*b - 3*a + 2217 = 0. Let z = b - 690. Suppose -30 = -2*s - 0*s. What is the greatest common divisor of s and z?
15
Let m(u) = 4*u**3 + 754*u**2 + 370*u - 1110. Let a be m(-188). Suppose 0*f - 3*f = -2322. Calculate the greatest common divisor of a and f.
18
Let i = 1107 - 1058. What is the greatest common factor of i and 84?
7
Let a(x) = x**2 + 126*x - 4319. Let p be a(36). Calculate the highest common divisor of p and 1157.
89
Let d = -9945 + 10923. What is the greatest common divisor of 18 and d?
6
Suppose -1148*j = -227*j - 275379. Let z = -8 + 21. What is the highest common factor of j and z?
13
Suppose 2*z - 5*c - 1324 = 0, 4*z - 4*c - 1413 = 1259. What is the greatest common factor of 462 and z?
42
Suppose 0 = 5*m + 15, 5*w - 33*m + 36*m - 291 = 0. What is the highest common factor of 1275 and w?
15
Let o(g) = g + 17. Let r be o(-15). Let b be 7/r - (-3)/6. What is the greatest common factor of 128 and b?
4
Let x = 145 + -140. Suppose 21 = x*s - 4*h, h + 9 - 5 = 0. What is the greatest common factor of s and 6?
1
Let y be -1 + 11 + (2 - 5). Let k(w) = 3*w - 27. Let a be k(9). Let m be (48 - 0) + (a - -1). What is the greatest common divisor of m and y?
7
Let p be (-1*9)/((-15)/(-20))